 8*b**2 - 34*b - 129. Give d(-3).
-36
Let g(w) = -3*w**2 + 46598*w + 419479. What is g(-9)?
-146
Let o(g) = -3*g**2 + 2705*g - 366430. Give o(166).
-68
Let d(b) = -29154*b - 19. Calculate d(0).
-19
Let a(w) = -497837*w - 7965378. Determine a(-16).
14
Let o(t) = -3909*t - 437802. Calculate o(-112).
6
Let l(v) = -13142*v + 1524322. Calculate l(116).
-150
Let q(h) = 2*h**3 - 82*h**2 + 430*h + 398. Give q(35).
748
Let y(z) = -z**2 - 177*z - 9746. Determine y(-75).
-2096
Let t(d) = d**2 + 46*d - 1158. What is t(-38)?
-1462
Let y(d) = d**3 + 72*d**2 - 591*d + 219. Determine y(8).
611
Let p(k) = -18*k**2 + 41*k - 42. What is p(1)?
-19
Let n(k) = -25473*k + 6444659. Determine n(253).
-10
Let p(v) = -v**3 + 59*v**2 - 11*v - 661. Give p(59).
-1310
Let w(p) = -2*p**2 + 28878*p + 346811. Determine w(-12).
-13
Let t(r) = 8380*r + 2824067. Give t(-337).
7
Let s(x) = 210*x**2 - 1468*x - 24. Give s(7).
-10
Let f(d) = -826*d + 169980. Give f(206).
-176
Let f(l) = -1623527*l + 4870622. Determine f(3).
41
Let y(q) = -852*q + 17988. Determine y(15).
5208
Let z(w) = -2*w**2 - 116434*w + 582227. Calculate z(5).
7
Let q(k) = k**2 - 16382*k + 163725. What is q(10)?
5
Let m(d) = -2*d**3 + 30*d**2 + 218*d - 293. Determine m(-9).
1633
Let d(j) = -2*j**3 + 739*j**2 - 4007*j + 1088. Give d(364).
-4
Let n(a) = -53*a**2 - 1032*a + 656. Determine n(-20).
96
Let c(f) = 14*f**3 - 77*f**2 + 75*f + 10. Give c(6).
712
Let u(n) = -33915*n + 2407966. Calculate u(71).
1
Let y(v) = -v**3 - 24*v**2 + 2*v + 108. Calculate y(-6).
-552
Let h(p) = p**3 - 371*p**2 - 16454*p + 5757. Give h(411).
3
Let t(g) = -3*g**2 - 66*g - 1169. Determine t(-21).
-1106
Let x(a) = -a**2 - 1904*a - 119553. Determine x(-65).
-18
Let f(w) = 80*w - 12657. Determine f(157).
-97
Let u(r) = -1479*r + 3754. Give u(2).
796
Let i(v) = -3*v**2 + 1855*v - 263273. What is i(222)?
685
Let y(z) = -z**3 + 69*z**2 + 147*z + 5028. Give y(72).
60
Let n(j) = -j**3 + 52*j**2 - 1677*j + 2. Give n(0).
2
Let v(l) = l**3 + 68*l**2 - 267*l + 1589. Calculate v(-72).
77
Let w(d) = -69*d**3 + 685*d**2 + 66*d + 41. Calculate w(10).
201
Let t(j) = -2*j**3 - 5*j**2 + 312*j - 1056. Give t(4).
-16
Let l(g) = -37*g**3 - 19*g**2 + 66*g. What is l(2)?
-240
Let d(b) = -b**2 + 471*b - 45604. What is d(335)?
-44
Let c(t) = 36974*t - 1368037. Calculate c(37).
1
Let n(g) = 937*g**2 - 6536*g + 8. What is n(7)?
169
Let r(w) = -8*w**2 - 230*w + 222. Calculate r(-29).
164
Let x(c) = 32*c**2 - 433*c + 1353. Calculate x(4).
133
Let z(c) = 2*c**2 + 443*c - 136176. Calculate z(-394).
-246
Let q(n) = -n**3 - 19*n**2 + 833*n + 16273. Calculate q(-20).
13
Let y(k) = -37*k**3 + 53*k**2 - 164*k + 22. Give y(3).
-992
Let w(r) = -r**3 + 16*r**2 - 369*r + 8090. Determine w(19).
-4
Let t(a) = 19*a**3 - 84*a**2 - 282*a + 1107. What is t(3)?
18
Let k(q) = -411*q + 876. Calculate k(3).
-357
Let c(o) = -2434*o + 58546. Determine c(24).
130
Let c(r) = -62*r**2 + 1666*r + 1862. Determine c(28).
-98
Let q(w) = w**2 + 10*w - 22. Give q(-23).
277
Let j(l) = -2*l**2 + 782*l + 35479. What is j(-41)?
55
Let z(w) = 412226*w + 11542326. What is z(-28)?
-2
Let y(w) = -21*w**2 + 4709*w + 8392. What is y(226)?
30
Let p(q) = -172*q**2 + 786*q + 362. Determine p(5).
-8
Let m(d) = -5*d**2 + 10*d + 9247. Determine m(44).
7
Let z(j) = 2*j**3 + 150*j**2 - 32*j - 2315. Calculate z(-75).
85
Let k(x) = 2*x**3 + 47*x**2 + 1127*x + 25316. Determine k(-23).
-76
Let o(a) = -1386*a - 8855. Determine o(-7).
847
Let f(u) = -3*u**3 - 251*u**2 + 3233*u + 299. What is f(-95)?
14
Let w(r) = -2*r**3 + 150*r**2 + 4337*r + 1466. What is w(-22)?
-52
Let q(a) = 822*a - 5170. Give q(8).
1406
Let q(v) = -2*v**2 + 980*v - 87283. What is q(117)?
-1
Let a(z) = z**3 + 111*z**2 + 1895*z + 1040. What is a(-90)?
590
Let v(q) = -66608*q + 1998267. What is v(30)?
27
Let k(i) = 2*i**2 + 1485*i + 103674. Determine k(-78).
12
Let n(y) = 3*y**3 + 614*y**2 - 200*y + 4930. What is n(-205)?
3905
Let j(i) = i**2 - 4786*i + 14338. Calculate j(3).
-11
Let q(v) = -47*v + 8140. What is q(172)?
56
Let g(o) = -264168*o - 1056674. Determine g(-4).
-2
Let u(q) = 673*q - 30285. Determine u(45).
0
Let c(b) = -3*b**3 - 144*b**2 - 1120*b - 9. Calculate c(-9).
594
Let a(s) = 196*s - 37065. Determine a(193).
763
Let t(v) = -44*v**3 - 491*v**2 + 9*v + 27. Give t(-11).
-919
Let h(t) = 5396*t - 86307. Give h(16).
29
Let b(p) = -9*p**3 - 44*p**2 + 1113*p + 5506. Calculate b(-5).
-34
Let w(l) = -162*l**2 - 2583*l + 2915. What is w(-17)?
8
Let q(d) = -4*d**2 - 3627*d + 21888. Determine q(6).
-18
Let i(p) = -797*p - 4287. Give i(-6).
495
Let k(j) = 5436567*j - 16309703. Determine k(3).
-2
Let p(j) = -1043*j - 6265. What is p(-6)?
-7
Let q(z) = z**3 + 23*z**2 + 49*z + 2870. Give q(-26).
-432
Let b(c) = -19*c - 1136. Determine b(-58).
-34
Let n(m) = -m**2 + 6695*m + 330430. Give n(-49).
-26
Let f(j) = -2*j**3 + 14*j**2 + 34*j - 106. Determine f(8).
38
Let k(a) = 2*a**2 + 2189*a + 418673. Give k(-247).
8
Let h(d) = -d**3 - 54*d**2 - 56*d - 121. What is h(-53)?
38
Let s(v) = 4254*v + 136096. What is s(-32)?
-32
Let h(t) = 4063*t - 77239. Calculate h(19).
-42
Let g(y) = y**2 + 2517*y + 1421019. Determine g(-855).
9
Let d(m) = -43*m**3 - 2*m**2 - 28*m + 27. Determine d(1).
-46
Let a(o) = -734*o + 1518. Determine a(2).
50
Let p(m) = 3823*m + 302008. Give p(-79).
-9
Let f(w) = -2*w**2 + 1585*w + 20911. What is f(-13)?
-32
Let w(j) = 89*j - 2918. Give w(43).
909
Let q(k) = -7*k**2 + 121*k - 1653. Calculate q(15).
-1413
Let i(j) = 697*j + 22963. Determine i(-34).
-735
Let d(z) = z**2 - 21853*z - 218579. Calculate d(-10).
51
Let o(c) = 925*c - 17948. Calculate o(20).
552
Let b(t) = -2*t**2 - 196*t + 279589. Give b(-426).
133
Let v(g) = -187412*g + 562230. What is v(3)?
-6
Let y(t) = -2255*t + 376384. What is y(167)?
-201
Let w(d) = -35*d**3 - 8*d**2 - 419*d + 864. Give w(2).
-286
Let m(d) = 2*d**2 + d - 938. Determine m(-23).
97
Let g(b) = 14*b - 249. Determine g(19).
17
Let u(y) = 16*y**2 + 2232*y - 23929. Determine u(10).
-9
Let g(w) = -w**3 - 25*w**2 - 238*w - 154. Calculate g(-10).
726
Let i(j) = j**3 - 54*j**2 + 45*j - 154. Determine i(53).
-578
Let n(j) = 12772*j + 229919. Give n(-18).
23
Let t(m) = -m**3 - 10*m**2 + 44*m - 575. Give t(-17).
700
Let i(v) = 972*v - 110821. Calculate i(114).
-13
Let a(y) = -394624*y + 789259. Calculate a(2).
11
Let q(t) = 2070*t - 61749. Calculate q(29).
-1719
Let z(c) = 744*c - 39634. What is z(56)?
2030
Let a(g) = 132*g + 14129. Determine a(-108).
-127
Let t(n) = -n**2 - 71*n + 11751. Calculate t(-150).
-99
Let i(v) = v**3 - 113*v**2 + 354*v - 27119. What is i(112)?
-15
Let f(m) = 12*m**2 + 1577*m - 270. Determine f(-133).
2257
Let f(y) = -925002*y - 57350122. What is f(-62)?
2
Let z(d) = 4983*d + 39692. Determine z(-8).
-172
Let z(d) = -10320*d + 21238. Determine z(2).
598
Let a(g) = -13*g**2 - 265*g - 2490. Give a(-10).
-1140
Let s(p) = 180*p**2 - 11339*p + 62. Calculate s(63).
125
Let n(k) = 42484*k + 212472. Calculate n(-5).
52
Let o(a) = -2*a**3 - 92*a**2 - 1954*a - 89948. Determine o(-46).
-64
Let z(w) = 7*w**3 + 394*w**2 + 508*w + 720. Calculate z(-55).
5
Let z(p) = -4*p**2 + 1047*p + 59463. Determine z(-48).
-9
Let u(c) = -c**3 + 30*c**2 - 1003*c + 23857. Give u(26).
483
Let b(x) = -x**3 - 27*x**2 + 4177*x + 105682. What is b(-25)?
7
Let p(c) = -2*c**3 - 57*c**2 + 55*c + 499. What is p(-29)?
-255
Let o(j) = -j**2 - 28140*j + 84436. Calculate o(3).
7
Let o(n) = 20*n**3 - 109*n**2 - 7*n + 260. What is o(5)?
0
Let v(c) = -6*c**2 + 1485*c - 7410. Give v(5).
-135
Let j(y) = -83*y**2 - 538*y - 751. Give j(-2).
-7
Let x(r) = -2*r**3 + 48*r**2 - r + 1372. What is x(0)?
1372
Let d(w) = -8*w**2 + 986*w - 10527. What is d(11)?
-649
Let s(i) = -58*i**2 + 2691*i + 1658. Determine s(47).
13
Let i(f) = -2*f**3 - 26*f**2 - 101*f - 32. Determine i(-7).
87
Let f(x) = -6*x - 113. Determine f(-31).
73
Let k(u) = 3*u**3 - 11*u**2 + 659*u + 6799. Give k(-10).
-3891
Let m(a) = 22*a**2 + 123*a - 46. What is m(-7)?
171
Let a(m) = 4263*m + 87619. What is a(-20)?
2359
Let g(x) = 13*x**2 + 505*x + 131. Give g(-39).
209
Let c(p) = -2*p**2 + 106*p - 906. Give c(41).
78
Let h(j) = -j**3 + 76*j**2 - 10*j - 27. What is h(-5)?
2048
Let t(j) = -11*j**2 + 4055*j - 39506. Determine t(10).
-56
Let v(l) = 4*l**2 - 32*l - 47. Give v(-20).
219